{"id":350,"date":"2024-01-11T08:46:14","date_gmt":"2024-01-11T07:46:14","guid":{"rendered":"http:\/\/austriaarms.local\/?page_id=350"},"modified":"2024-04-14T13:45:28","modified_gmt":"2024-04-14T11:45:28","slug":"impressum","status":"publish","type":"page","link":"https:\/\/austriaarms.com\/actiondays2025\/impressum","title":{"rendered":"Impressum"},"content":{"rendered":"<h1>IMPRESSUM &amp; RECHTLICHE HINWEISE<\/h1>\n<h2>IMPRESSUM<\/h2>\n<div>\n<p>Informationspflicht i.S.d. E-Commerce-Gesetzes (\u00a7 5 Abs. 1 ECG), sowie der Impressumspflicht i.S.d. Mediengesetzes.<\/p>\n<\/div>\n<ul>\n<li>\n<h3>Name oder Firma, Medieninhaber, Herausgeber und Verleger:<\/h3>\n<div>\n<p>Ing. Fritsch Trade GmbH<\/p>\n<\/div>\n<\/li>\n<li>\n<h3>Unternehmensgegenstand:<\/h3>\n<div>\n<p>Technischer Handel<\/p>\n<\/div>\n<\/li>\n<li>\n<h3>Geographische Anschrift:<\/h3>\n<div>\n<p>Lagerhausgasse 2, 2232 Deutsch Wagram<\/p>\n<\/div>\n<\/li>\n<li>\n<h3>Web:<\/h3>\n<div>\n<p>www.austriaarms.com<\/p>\n<\/div>\n<\/li>\n<li>\n<h3>E-Mail:<\/h3>\n<div>\n<p>kundenservice@austriaarms.com<\/p>\n<\/div>\n<\/li>\n<li>\n<h3>USt-IdNr.:<\/h3>\n<div>\n<p>ATU62908633<\/p>\n<\/div>\n<\/li>\n<li>\n<h3>Firmenbuchnummer:<\/h3>\n<div>\n<p>FN 284806h<\/p>\n<\/div>\n<\/li>\n<li>\n<h3>Firmenbuchgericht:<\/h3>\n<div>\n<p>Handelsgericht Korneuburg<\/p>\n<\/div>\n<\/li>\n<li>\n<h3>Gesellschafter:<\/h3>\n<div>\n<p>Ing. Georg Markus Fritsch<\/p>\n<\/div>\n<\/li>\n<li>\n<h3>Gewerbe- und zust\u00e4ndige Aufsichtsbeh\u00f6rde:<\/h3>\n<div>\n<p>BH G\u00e4nserndorf<\/p>\n<\/div>\n<\/li>\n<li>\n<h3>Gewerberechtliche Vorschriften und Zugang:<\/h3>\n<div>\n<p>\u00d6sterreichische Gewerbeordnung, zug\u00e4nglich unter ris.bka.gv.at<\/p>\n<\/div>\n<\/li>\n<\/ul>\n<hr>\n<h2>RECHTLICHE HINWEISE<\/h2>\n<div>\n<p>Die Internetpr\u00e4senz, von der auf diese Seite verwiesen wurde dient ausschlie\u00dflich der unverbindlichen Illustration unseres Unternehmens. Den Besuchern soll die M\u00f6glichkeit gegeben werden ihrerseits Angebote an uns zu richten. Somit stellen die auf unserer Internetpr\u00e4senz dargestellten Dienstleistungen und Produkte keine Angebote im Rechtssinne und keine Anbietung gem\u00e4\u00df der Gewerbeordnung dar. Es werden von uns keine Vertr\u00e4ge oder sonstige Rechtsgesch\u00e4fte durch ausschlie\u00dflicher Verwendung eines oder mehrerer Fernkommunikationsmittel geschlossen. Diese werden ausschlie\u00dflich nach pers\u00f6nlichem Kontakt geschlossen und unterliegen somit nicht dem Fernabsatzgesetz. S\u00e4mtliche Rechtsgesch\u00e4fte, insbesondere Angebote, Auftragsbest\u00e4tigungen und Vertr\u00e4ge, bed\u00fcrfen zu ihrer G\u00fcltigkeit der Schriftform, ebenso bed\u00fcrfen an uns gerichtete Erkl\u00e4rungen der Schriftform und somit der Originalunterschrift.<\/p>\n<p>Wir sind bestrebt, in allen Publikationen die Urheberrechte der verwendeten Grafiken, Tondokumente, Videosequenzen und Texte zu beachten, von uns selbst erstellte Grafiken, Tondokumente, Videosequenzen und Texte zu nutzen oder auf lizenzfreie Grafiken, Tondokumente, Videosequenzen und Texte zur\u00fcckzugreifen. Alle innerhalb des Internetangebotes genannten und gegebenenfalls durch Dritte gesch\u00fctzten Marken- und Warenzeichen unterliegen uneingeschr\u00e4nkt den Bestimmungen des jeweils g\u00fcltigen Kennzeichenrechts und den Besitzrechten der jeweiligen eingetragenen Eigent\u00fcmer. Das Copyright f\u00fcr ver\u00f6ffentlichte, von uns selbst erstellten Objekten bleibt allein beim Autor der Seiten. Eine Vervielf\u00e4ltigung oder Verwendung solcher Grafiken, Tondokumente, Videosequenzen und Texte in anderen elektronischen oder gedruckten Publikationen ist ohne unsere ausdr\u00fcckliche Zustimmung nicht gestattet.<\/p>\n<p>Sofern innerhalb des Internetangebotes die M\u00f6glichkeit zur Eingabe pers\u00f6nlicher oder gesch\u00e4ftlicher Daten (Emailadressen, Namen, Anschriften) besteht, so erfolgt die Preisgabe dieser Daten seitens des Nutzers auf ausdr\u00fccklich freiwilliger Basis.<\/p>\n<p>Dieser Haftungsausschluss ist als Teil der Internetpr\u00e4senz zu betrachten, von dem aus auf diese Seite verwiesen wurde. Sofern Teile oder einzelne Formulierungen dieses Textes, gleichg\u00fcltig aus welchem Grund, rechtsunwirksam sein oder rechtsunwirksam werden, bleiben die \u00fcbrigen Teile des Dokumentes in ihrem Inhalt und ihrer G\u00fcltigkeit davon unber\u00fchrt. In einem solchen Fall ist die ung\u00fcltige, anfechtbare oder undurchf\u00fchrbare Bestimmung so zu erg\u00e4nzen oder zu ersetzen, dass der mit der ung\u00fcltigen, anfechtbaren und undurchf\u00fchrbaren Bestimmung beabsichtigte wirtschaftliche Zweck erreicht wird. Im \u00fcbrigen gelten unsere Allgemeinen Gesch\u00e4ftsbedingungen.<\/p>\n<\/div>\n<p><!--more--><br \/>\n<!-- {\"type\":\"layout\",\"children\":[{\"type\":\"section\",\"props\":{\"class\":\"header-simple\",\"image_position\":\"center-center\",\"style\":\"default\",\"title_breakpoint\":\"xl\",\"title_position\":\"top-left\",\"title_rotation\":\"left\",\"vertical_align\":\"middle\",\"width\":\"default\"},\"children\":[{\"type\":\"row\",\"children\":[{\"type\":\"column\",\"props\":{\"image_position\":\"center-center\",\"position_sticky_breakpoint\":\"m\"},\"children\":[{\"type\":\"headline\",\"props\":{\"content\":\"IMPRESSUM &amp; RECHTLICHE HINWEISE\",\"title_element\":\"h1\"}}]}]}],\"name\":\"Header Simple\"},{\"type\":\"section\",\"props\":{\"image_position\":\"center-center\",\"style\":\"default\",\"title_breakpoint\":\"xl\",\"title_position\":\"top-left\",\"title_rotation\":\"left\",\"vertical_align\":\"middle\",\"width\":\"default\"},\"children\":[{\"type\":\"row\",\"children\":[{\"type\":\"column\",\"props\":{\"image_position\":\"center-center\",\"position_sticky_breakpoint\":\"m\"},\"children\":[{\"type\":\"headline\",\"props\":{\"content\":\"IMPRESSUM\",\"title_element\":\"h2\"}},{\"type\":\"text\",\"props\":{\"column_breakpoint\":\"m\",\"content\":\"\n\n<p>Informationspflicht i.S.d. E-Commerce-Gesetzes (\\u00a7 5 Abs. 1 ECG), sowie der Impressumspflicht i.S.d. Mediengesetzes.<\\\/p>\",\"margin\":\"default\"}},{\"type\":\"description_list\",\"props\":{\"column\":\"1-2\",\"column_breakpoint\":\"m\",\"column_divider\":true,\"layout\":\"stacked\",\"list_element\":\"ul\",\"list_size\":\"large\",\"meta_align\":\"below-content\",\"meta_style\":\"text-meta\",\"show_content\":true,\"show_link\":true,\"show_meta\":true,\"show_title\":true,\"title_element\":\"div\",\"title_grid_column_gap\":\"small\",\"title_grid_row_gap\":\"small\",\"title_grid_width\":\"auto\",\"title_style\":\"text-bold\"},\"children\":[{\"type\":\"description_list_item\",\"props\":{\"content\":\"\n\n<p>Ing. Fritsch Trade GmbH<\\\/p>\",\"title\":\"Name oder Firma, Medieninhaber, Herausgeber und Verleger:\"}},{\"type\":\"description_list_item\",\"props\":{\"content\":\"\n\n<p>Technischer Handel<\\\/p>\",\"title\":\"Unternehmensgegenstand:\"}},{\"type\":\"description_list_item\",\"props\":{\"content\":\"\n\n<p>Lagerhausgasse 2, 2232 Deutsch Wagram<\\\/p>\",\"title\":\"Geographische Anschrift:\"}},{\"type\":\"description_list_item\",\"props\":{\"content\":\"\n\n<p>www.austriaarms.com<\\\/p>\",\"title\":\"Web:\"}},{\"type\":\"description_list_item\",\"props\":{\"content\":\"\n\n<p>kundenservice@austriaarms.com<\\\/p>\",\"title\":\"E-Mail:\"}},{\"type\":\"description_list_item\",\"props\":{\"content\":\"\n\n<p>ATU62908633<\\\/p>\",\"title\":\"USt-IdNr.:\"}},{\"type\":\"description_list_item\",\"props\":{\"content\":\"\n\n<p>FN 284806h<\\\/p>\",\"title\":\"Firmenbuchnummer:\"}},{\"type\":\"description_list_item\",\"props\":{\"content\":\"\n\n<p>Handelsgericht Korneuburg<\\\/p>\",\"title\":\"Firmenbuchgericht:\"}},{\"type\":\"description_list_item\",\"props\":{\"content\":\"\n\n<p>Ing. Georg Markus Fritsch<\\\/p>\",\"title\":\"Gesellschafter:\"}},{\"type\":\"description_list_item\",\"props\":{\"content\":\"\n\n<p>BH G\\u00e4nserndorf<\\\/p>\",\"title\":\"Gewerbe- und zust\\u00e4ndige Aufsichtsbeh\\u00f6rde:\"}},{\"type\":\"description_list_item\",\"props\":{\"content\":\"\n\n<p>\\u00d6sterreichische Gewerbeordnung, zug\\u00e4nglich unter ris.bka.gv.at<\\\/p>\",\"title\":\"Gewerberechtliche Vorschriften und Zugang:\"}}]}]}]}]},{\"type\":\"section\",\"props\":{\"image_position\":\"center-center\",\"padding\":\"none\",\"style\":\"default\",\"title_breakpoint\":\"xl\",\"title_position\":\"top-left\",\"title_rotation\":\"left\",\"vertical_align\":\"middle\",\"width\":\"default\"},\"children\":[{\"type\":\"row\",\"children\":[{\"type\":\"column\",\"props\":{\"image_position\":\"center-center\",\"position_sticky_breakpoint\":\"m\"},\"children\":[{\"type\":\"divider\",\"props\":{\"divider_element\":\"hr\"}}]}]}]},{\"type\":\"section\",\"props\":{\"image_position\":\"center-center\",\"style\":\"default\",\"title_breakpoint\":\"xl\",\"title_position\":\"top-left\",\"title_rotation\":\"left\",\"vertical_align\":\"middle\",\"width\":\"default\"},\"children\":[{\"type\":\"row\",\"children\":[{\"type\":\"column\",\"props\":{\"image_position\":\"center-center\",\"position_sticky_breakpoint\":\"m\"},\"children\":[{\"type\":\"headline\",\"props\":{\"content\":\"RECHTLICHE HINWEISE\",\"title_element\":\"h2\"}},{\"type\":\"text\",\"props\":{\"column_breakpoint\":\"m\",\"content\":\"\n\n<p>Die Internetpr\\u00e4senz, von der auf diese Seite verwiesen wurde dient ausschlie\\u00dflich der unverbindlichen Illustration unseres Unternehmens. Den Besuchern soll die M\\u00f6glichkeit gegeben werden ihrerseits Angebote an uns zu richten. Somit stellen die auf unserer Internetpr\\u00e4senz dargestellten Dienstleistungen und Produkte keine Angebote im Rechtssinne und keine Anbietung gem\\u00e4\\u00df der Gewerbeordnung dar. Es werden von uns keine Vertr\\u00e4ge oder sonstige Rechtsgesch\\u00e4fte durch ausschlie\\u00dflicher Verwendung eines oder mehrerer Fernkommunikationsmittel geschlossen. Diese werden ausschlie\\u00dflich nach pers\\u00f6nlichem Kontakt geschlossen und unterliegen somit nicht dem Fernabsatzgesetz. S\\u00e4mtliche Rechtsgesch\\u00e4fte, insbesondere Angebote, Auftragsbest\\u00e4tigungen und Vertr\\u00e4ge, bed\\u00fcrfen zu ihrer G\\u00fcltigkeit der Schriftform, ebenso bed\\u00fcrfen an uns gerichtete Erkl\\u00e4rungen der Schriftform und somit der Originalunterschrift.<\\\/p>\\n\n\n<p>Wir sind bestrebt, in allen Publikationen die Urheberrechte der verwendeten Grafiken, Tondokumente, Videosequenzen und Texte zu beachten, von uns selbst erstellte Grafiken, Tondokumente, Videosequenzen und Texte zu nutzen oder auf lizenzfreie Grafiken, Tondokumente, Videosequenzen und Texte zur\\u00fcckzugreifen. Alle innerhalb des Internetangebotes genannten und gegebenenfalls durch Dritte gesch\\u00fctzten Marken- und Warenzeichen unterliegen uneingeschr\\u00e4nkt den Bestimmungen des jeweils g\\u00fcltigen Kennzeichenrechts und den Besitzrechten der jeweiligen eingetragenen Eigent\\u00fcmer. Das Copyright f\\u00fcr ver\\u00f6ffentlichte, von uns selbst erstellten Objekten bleibt allein beim Autor der Seiten. Eine Vervielf\\u00e4ltigung oder Verwendung solcher Grafiken, Tondokumente, Videosequenzen und Texte in anderen elektronischen oder gedruckten Publikationen ist ohne unsere ausdr\\u00fcckliche Zustimmung nicht gestattet.<\\\/p>\\n\n\n<p>Sofern innerhalb des Internetangebotes die M\\u00f6glichkeit zur Eingabe pers\\u00f6nlicher oder gesch\\u00e4ftlicher Daten (Emailadressen, Namen, Anschriften) besteht, so erfolgt die Preisgabe dieser Daten seitens des Nutzers auf ausdr\\u00fccklich freiwilliger Basis.<\\\/p>\\n\n\n<p>Dieser Haftungsausschluss ist als Teil der Internetpr\\u00e4senz zu betrachten, von dem aus auf diese Seite verwiesen wurde. Sofern Teile oder einzelne Formulierungen dieses Textes, gleichg\\u00fcltig aus welchem Grund, rechtsunwirksam sein oder rechtsunwirksam werden, bleiben die \\u00fcbrigen Teile des Dokumentes in ihrem Inhalt und ihrer G\\u00fcltigkeit davon unber\\u00fchrt. In einem solchen Fall ist die ung\\u00fcltige, anfechtbare oder undurchf\\u00fchrbare Bestimmung so zu erg\\u00e4nzen oder zu ersetzen, dass der mit der ung\\u00fcltigen, anfechtbaren und undurchf\\u00fchrbaren Bestimmung beabsichtigte wirtschaftliche Zweck erreicht wird. Im \\u00fcbrigen gelten unsere Allgemeinen Gesch\\u00e4ftsbedingungen.<\\\/p>\",\"margin\":\"default\"}}]}]}]}],\"version\":\"4.3.8\",\"yooessentialsVersion\":\"2.2.7\"} --><\/p>\n","protected":false},"excerpt":{"rendered":"<p>IMPRESSUM &amp; RECHTLICHE HINWEISE IMPRESSUM Informationspflicht i.S.d. E-Commerce-Gesetzes (\u00a7 5 Abs. 1 ECG), sowie der Impressumspflicht i.S.d. Mediengesetzes. Name oder Firma, Medieninhaber, Herausgeber und Verleger: Ing. Fritsch Trade GmbH Unternehmensgegenstand: Technischer Handel Geographische Anschrift: Lagerhausgasse 2, 2232 Deutsch Wagram Web: www.austriaarms.com E-Mail: kundenservice@austriaarms.com USt-IdNr.: ATU62908633 Firmenbuchnummer: FN 284806h Firmenbuchgericht: Handelsgericht Korneuburg Gesellschafter: Ing. Georg Markus [&hellip;]<\/p>\n","protected":false},"author":1,"featured_media":0,"parent":0,"menu_order":0,"comment_status":"closed","ping_status":"closed","template":"","meta":{"footnotes":""},"class_list":["post-350","page","type-page","status-publish","hentry"],"_links":{"self":[{"href":"https:\/\/austriaarms.com\/actiondays2025\/wp-json\/wp\/v2\/pages\/350","targetHints":{"allow":["GET"]}}],"collection":[{"href":"https:\/\/austriaarms.com\/actiondays2025\/wp-json\/wp\/v2\/pages"}],"about":[{"href":"https:\/\/austriaarms.com\/actiondays2025\/wp-json\/wp\/v2\/types\/page"}],"author":[{"embeddable":true,"href":"https:\/\/austriaarms.com\/actiondays2025\/wp-json\/wp\/v2\/users\/1"}],"replies":[{"embeddable":true,"href":"https:\/\/austriaarms.com\/actiondays2025\/wp-json\/wp\/v2\/comments?post=350"}],"version-history":[{"count":5,"href":"https:\/\/austriaarms.com\/actiondays2025\/wp-json\/wp\/v2\/pages\/350\/revisions"}],"predecessor-version":[{"id":760,"href":"https:\/\/austriaarms.com\/actiondays2025\/wp-json\/wp\/v2\/pages\/350\/revisions\/760"}],"wp:attachment":[{"href":"https:\/\/austriaarms.com\/actiondays2025\/wp-json\/wp\/v2\/media?parent=350"}],"curies":[{"name":"wp","href":"https:\/\/api.w.org\/{rel}","templated":true}]}}